{"id":3807,"date":"2025-02-20T17:04:05","date_gmt":"2025-02-20T16:04:05","guid":{"rendered":"https:\/\/yes-solutionsbureautiques.fr\/?product=hp-62xl-a-rendement-eleve-415-pages-tricolore-a-base-de-colorant-consommable-dorigineconsommable-pour-imprimantes-envy-5540-e-aioenvy-5541-e-aioenvy-5542-e-aioenvy-5543-e-aioenvy"},"modified":"2026-03-30T12:15:06","modified_gmt":"2026-03-30T10:15:06","slug":"hp-62xl-a-rendement-eleve-415-pages-tricolore-a-base-de-colorant-consommable-dorigineconsommable-pour-imprimantes-envy-5540-e-aioenvy-5541-e-aioenvy-5542-e-aioenvy-5543-e-aioenvy","status":"publish","type":"product","link":"https:\/\/yes-solutionsbureautiques.fr\/?product=hp-62xl-a-rendement-eleve-415-pages-tricolore-a-base-de-colorant-consommable-dorigineconsommable-pour-imprimantes-envy-5540-e-aioenvy-5541-e-aioenvy-5542-e-aioenvy-5543-e-aioenvy","title":{"rendered":"HP 62XL &#8211; \u00c0 rendement \u00e9lev\u00e9 &#8211; R\u00e9f : C2P07AE &#8211; tricolore \u00e0 base de colorant &#8211; Consommable d&rsquo;origine"},"content":{"rendered":"<p style=\"margin:0\"><span style=\"font-family:Arial;font-size:10pt;font-weight:bold\">415 pages<\/span><\/p>\n<p style=\"margin:0\"><span style=\"font-family:Arial;font-size:10pt;font-weight:bold\">Consommable pour imprimantes :<\/span><\/p>\n<p style=\"margin:0\"><span style=\"font-family:Arial;font-size:10pt;font-weight:bold\">ENVY 5540 e-AiO<\/span><\/p>\n<p style=\"margin:0\"><span style=\"font-family:Arial;font-size:10pt;font-weight:bold\">ENVY 5541 e-AiO<\/span><\/p>\n<p style=\"margin:0\"><span style=\"font-family:Arial;font-size:10pt;font-weight:bold\">ENVY 5542 e-AiO<\/span><\/p>\n<p style=\"margin:0\"><span style=\"font-family:Arial;font-size:10pt;font-weight:bold\">ENVY 5543 e-AiO<\/span><\/p>\n<p style=\"margin:0\"><span style=\"font-family:Arial;font-size:10pt;font-weight:bold\">ENVY 5544 e-AiO<\/span><\/p>\n<p style=\"margin:0\"><span style=\"font-family:Arial;font-size:10pt;font-weight:bold\">ENVY 5545 e-AiO<\/span><\/p>\n<p style=\"margin:0\"><span style=\"font-family:Arial;font-size:10pt;font-weight:bold\">ENVY 5546 e-AiO<\/span><\/p>\n<p style=\"margin:0\"><span style=\"font-family:Arial;font-size:10pt;font-weight:bold\">ENVY 5547 e-AiO<\/span><\/p>\n<p style=\"margin:0\"><span style=\"font-family:Arial;font-size:10pt;font-weight:bold\">ENVY 5548 e-AiO<\/span><\/p>\n<p style=\"margin:0\"><span style=\"font-family:Arial;font-size:10pt;font-weight:bold\">ENVY 5640 e-AiO<\/span><\/p>\n<p style=\"margin:0\"><span style=\"font-family:Arial;font-size:10pt;font-weight:bold\">ENVY 5642 e-AiO<\/span><\/p>\n<p style=\"margin:0\"><span style=\"font-family:Arial;font-size:10pt;font-weight:bold\">ENVY 5644 e-AiO<\/span><\/p>\n<p style=\"margin:0\"><span style=\"font-family:Arial;font-size:10pt;font-weight:bold\">ENVY 5646 e-AiO<\/span><\/p>\n<p style=\"margin:0\"><span style=\"font-family:Arial;font-size:10pt;font-weight:bold\">ENVY 7640 e-AiO<\/span><\/p>\n<p style=\"margin:0\"><span style=\"font-family:Arial;font-size:10pt;font-weight:bold\">Officejet 200 Mobile printer<\/span><\/p>\n<p style=\"margin:0\"><span style=\"font-family:Arial;font-size:10pt;font-weight:bold\">Officejet 200c Mobile printer<\/span><\/p>\n<p style=\"margin:0\"><span style=\"font-family:Arial;font-size:10pt;font-weight:bold\">Officejet 250 Mobile Printer<\/span><\/p>\n<p style=\"margin:0\"><span style=\"font-family:Arial;font-size:10pt;font-weight:bold\">Officejet 5740 e-AiO<\/span><\/p>\n<p style=\"margin:0\"><span style=\"font-family:Arial;font-size:10pt;font-weight:bold\">Officejet 5742 e-AiO<\/span><\/p>\n<p style=\"margin:0\"><span style=\"font-family:Arial;font-size:10pt;font-weight:bold\">Officejet 5744 e-AiO<\/span><\/p>\n<p style=\"margin:0\"><span style=\"font-family:Arial;font-size:10pt;font-weight:bold\">Officejet 5746 e-AiO<\/span><\/p>\n","protected":false},"excerpt":{"rendered":"<p>415 pages Consommable pour imprimantes : ENVY 5540 e-AiO ENVY 5541 e-AiO ENVY 5542 e-AiO ENVY 5543 e-AiO ENVY 5544 e-AiO ENVY 5545 e-AiO ENVY 5546 e-AiO ENVY 5547 e-AiO ENVY 5548 e-AiO ENVY 5640 e-AiO ENVY 5642 e-AiO ENVY 5644 e-AiO ENVY 5646 e-AiO ENVY 7640 e-AiO Officejet 200 Mobile printer Officejet 200c Mobile [&hellip;]<\/p>\n","protected":false},"featured_media":5941,"template":"","meta":[],"product_brand":[],"product_cat":[42,31],"product_tag":[],"class_list":{"0":"post-3807","1":"product","2":"type-product","3":"status-publish","4":"has-post-thumbnail","6":"product_cat-im-consommable","7":"product_cat-impression","9":"first","10":"instock","11":"sale","12":"taxable","13":"shipping-taxable","14":"purchasable","15":"product-type-simple"},"_links":{"self":[{"href":"https:\/\/yes-solutionsbureautiques.fr\/index.php?rest_route=\/wp\/v2\/product\/3807","targetHints":{"allow":["GET"]}}],"collection":[{"href":"https:\/\/yes-solutionsbureautiques.fr\/index.php?rest_route=\/wp\/v2\/product"}],"about":[{"href":"https:\/\/yes-solutionsbureautiques.fr\/index.php?rest_route=\/wp\/v2\/types\/product"}],"version-history":[{"count":2,"href":"https:\/\/yes-solutionsbureautiques.fr\/index.php?rest_route=\/wp\/v2\/product\/3807\/revisions"}],"predecessor-version":[{"id":4555,"href":"https:\/\/yes-solutionsbureautiques.fr\/index.php?rest_route=\/wp\/v2\/product\/3807\/revisions\/4555"}],"wp:featuredmedia":[{"embeddable":true,"href":"https:\/\/yes-solutionsbureautiques.fr\/index.php?rest_route=\/wp\/v2\/media\/5941"}],"wp:attachment":[{"href":"https:\/\/yes-solutionsbureautiques.fr\/index.php?rest_route=%2Fwp%2Fv2%2Fmedia&parent=3807"}],"wp:term":[{"taxonomy":"product_brand","embeddable":true,"href":"https:\/\/yes-solutionsbureautiques.fr\/index.php?rest_route=%2Fwp%2Fv2%2Fproduct_brand&post=3807"},{"taxonomy":"product_cat","embeddable":true,"href":"https:\/\/yes-solutionsbureautiques.fr\/index.php?rest_route=%2Fwp%2Fv2%2Fproduct_cat&post=3807"},{"taxonomy":"product_tag","embeddable":true,"href":"https:\/\/yes-solutionsbureautiques.fr\/index.php?rest_route=%2Fwp%2Fv2%2Fproduct_tag&post=3807"}],"curies":[{"name":"wp","href":"https:\/\/api.w.org\/{rel}","templated":true}]}}