{"id":4762,"date":"2025-02-27T08:13:44","date_gmt":"2025-02-27T07:13:44","guid":{"rendered":"https:\/\/yes-solutionsbureautiques.fr\/?product=toner-original-oki-46490605-jaune"},"modified":"2026-03-30T12:14:55","modified_gmt":"2026-03-30T10:14:55","slug":"toner-original-oki-46490605-jaune","status":"publish","type":"product","link":"https:\/\/yes-solutionsbureautiques.fr\/?product=toner-original-oki-46490605-jaune","title":{"rendered":"Toner Original OKI 46490605 &#8211; Jaune"},"content":{"rendered":"<p style=\"margin:0\"><span style=\"font-family:Arial;font-size:10pt;font-weight:bold;color:#000000\">Le Toner d&rsquo;origine OKI 45862837 &#8211; jaune convient aux entreprises et collectivit\u00e9s en recherche des produits de la marque OKI.<\/span><\/p>\n<p style=\"margin:0\">&nbsp;<\/p>\n<p style=\"margin:0\"><span style=\"font-family:Arial;font-size:10pt;font-weight:bold;color:#000000\">Le Toner 45862837 vous permet d&rsquo;imprimer jusqu&rsquo;\u00e0 7300 pages, avec un rendu constant. L&rsquo;impression est d&rsquo;une parfaite nettet\u00e9, notamment gr\u00e2ce \u00e0 l&rsquo;utilisation de pigments de qualit\u00e9. Ces derniers sont aussi pr\u00e9vus pour bien s&rsquo;impr\u00e9gner au papier, afin d&rsquo;assurer une bonne lisibilit\u00e9 dans le temps, de vos documents.<\/span><\/p>\n<p style=\"margin:0\">&nbsp;<\/p>\n<p style=\"margin:0\"><span style=\"font-family:Arial;font-size:10pt;font-weight:bold;color:#000000\">Planetencre vous propose les produits de la marque OKI \u00e0 prix comp\u00e9titif. Profitez-en pour \u00e9conomiser sur vos frais de bureau.<\/span><\/p>\n","protected":false},"excerpt":{"rendered":"<p>Le Toner d&rsquo;origine OKI 45862837 &#8211; jaune convient aux entreprises et collectivit\u00e9s en recherche des produits de la marque OKI. &nbsp; Le Toner 45862837 vous permet d&rsquo;imprimer jusqu&rsquo;\u00e0 7300 pages, avec un rendu constant. L&rsquo;impression est d&rsquo;une parfaite nettet\u00e9, notamment gr\u00e2ce \u00e0 l&rsquo;utilisation de pigments de qualit\u00e9. Ces derniers sont aussi pr\u00e9vus pour bien s&rsquo;impr\u00e9gner [&hellip;]<\/p>\n","protected":false},"featured_media":5914,"template":"","meta":[],"product_brand":[],"product_cat":[42,31],"product_tag":[],"class_list":{"0":"post-4762","1":"product","2":"type-product","3":"status-publish","4":"has-post-thumbnail","6":"product_cat-im-consommable","7":"product_cat-impression","9":"first","10":"instock","11":"sale","12":"taxable","13":"shipping-taxable","14":"purchasable","15":"product-type-simple"},"_links":{"self":[{"href":"https:\/\/yes-solutionsbureautiques.fr\/index.php?rest_route=\/wp\/v2\/product\/4762","targetHints":{"allow":["GET"]}}],"collection":[{"href":"https:\/\/yes-solutionsbureautiques.fr\/index.php?rest_route=\/wp\/v2\/product"}],"about":[{"href":"https:\/\/yes-solutionsbureautiques.fr\/index.php?rest_route=\/wp\/v2\/types\/product"}],"version-history":[{"count":1,"href":"https:\/\/yes-solutionsbureautiques.fr\/index.php?rest_route=\/wp\/v2\/product\/4762\/revisions"}],"predecessor-version":[{"id":4923,"href":"https:\/\/yes-solutionsbureautiques.fr\/index.php?rest_route=\/wp\/v2\/product\/4762\/revisions\/4923"}],"wp:featuredmedia":[{"embeddable":true,"href":"https:\/\/yes-solutionsbureautiques.fr\/index.php?rest_route=\/wp\/v2\/media\/5914"}],"wp:attachment":[{"href":"https:\/\/yes-solutionsbureautiques.fr\/index.php?rest_route=%2Fwp%2Fv2%2Fmedia&parent=4762"}],"wp:term":[{"taxonomy":"product_brand","embeddable":true,"href":"https:\/\/yes-solutionsbureautiques.fr\/index.php?rest_route=%2Fwp%2Fv2%2Fproduct_brand&post=4762"},{"taxonomy":"product_cat","embeddable":true,"href":"https:\/\/yes-solutionsbureautiques.fr\/index.php?rest_route=%2Fwp%2Fv2%2Fproduct_cat&post=4762"},{"taxonomy":"product_tag","embeddable":true,"href":"https:\/\/yes-solutionsbureautiques.fr\/index.php?rest_route=%2Fwp%2Fv2%2Fproduct_tag&post=4762"}],"curies":[{"name":"wp","href":"https:\/\/api.w.org\/{rel}","templated":true}]}}